8. What is the tens digit of c?
3
Suppose 4*o + 32 = -4*s, -6*s - 33 = -2*s + 5*o. Let m = s - -11. Suppose -4*p = -m - 8. What is the units digit of p?
3
Let a(t) = t**3 + 7*t**2 - 7*t + 9. Let y be a(-8). Suppose u - 1 = 2*p - 0, -2*u - 5*p = -29. Suppose y = c - u. What is the units digit of c?
8
Suppose 8*r - 7*r = -1. Let i = r - -12. What is the units digit of i?
1
Suppose 2*p + p = 102. Suppose -26 = -4*c + p. What is the units digit of c?
5
Suppose 3*y - 84 = -0*y. What is the units digit of y?
8
Let w(r) = 4*r - 3. What is the tens digit of w(14)?
5
Suppose -2*j + j = -43. Let l = j - 19. What is the units digit of l?
4
Let i(q) = q**3 + q**2 - 1. Let s be (-4)/10 - (-9)/(-15). Let z be i(s). Let v = 8 + z. What is the units digit of v?
7
Let q = -65 + 98. Let w = 48 - q. What is the units digit of w?
5
Suppose -b + 5*b = w - 94, b = -5*w + 428. What is the units digit of w?
6
Let o(y) = y - 8. Let s be o(9). Let r(c) = -c + 9. Let d be r(7). What is the units digit of (d + -3)*(s + -5)?
4
Let x(d) = -d + 3. Let f be x(-5). Let o be -4 + 5 - (-5 + 0). Suppose o*l - 8*l + f = 0. What is the units digit of l?
4
Let u = -298 - -423. What is the units digit of u?
5
Let c be 2*-1 + -3 + 10. Let w(q) = -q**2 + 7*q - 2. What is the units digit of w(c)?
8
Let n(a) = -6*a + 7. Let j be n(3). Let d(i) = 5 - i**2 - 2 - 11*i + 4. What is the units digit of d(j)?
7
What is the units digit of 170/51 - (-4)/6?
4
Let d(c) = c**2 - 9*c - 9. Let f be d(9). Let l = -2 - f. What is the units digit of l?
7
Suppose 0 = 4*t - h - 1184, 0 = t + 3*h - 138 - 171. What is the tens digit of t?
9
Suppose 17 = 3*r + 2. Suppose -2*l - 5*q = 16, 7 = -r*l - 4*q + 1. What is the units digit of l/(-8) - (-21)/4?
5
Suppose -3*f + 45 = c, -5*c + 5*f + 330 = 5. Suppose 0*g - c = -2*g. Suppose 4*q - g = -q - 5*s, 3 = -3*q + 4*s. What is the units digit of q?
3
Let f = 7 - -21. Suppose -3*c + 2*j + 15 = -9, f = 4*c - 4*j. What is the tens digit of c?
1
Let v(g) = -8*g + 10. Let n(z) = -23*z + 29. Let k(t) = -4*n(t) + 11*v(t). What is the tens digit of k(5)?
1
Let t(j) = 10*j**2 - 43*j + 52. Let i(m) = -3*m**2 + 14*m - 17. Let a(p) = -7*i(p) - 2*t(p). What is the tens digit of a(12)?
1
Suppose -37 + 7 = 5*n. Let f = n - -8. Suppose 4*v - 7*d = -2*d + 60, f*v - 3*d - 30 = 0. What is the tens digit of v?
1
Let g = 264 - 178. What is the tens digit of g?
8
Let p be ((-21)/(-35))/((-1)/(-5)). Suppose 0 = -4*u + p*u + 2. What is the units digit of u?
2
Let u = 6 - 8. Let q be (u + 12/7)*-7. What is the units digit of 14 + (1 - q) - 2?
1
Let c = -169 - -350. What is the tens digit of c?
8
Let o = 42 - 8. What is the units digit of o?
4
Suppose 0*p + 5*p = 20. Let j = 4 + p. Suppose -4 = w - 4*h - 12, -w = -h - j. What is the units digit of w?
8
Suppose -3*b - 21 = -6*b. What is the units digit of b?
7
What is the tens digit of 4345/25 + 2/(3 + 7)?
7
Let l = -123 - -115. Let v(o) = o - 1. Let f(p) = -p**3 - 7*p**2 + 7*p + 13. Let y(k) = -f(k) - 4*v(k). What is the units digit of y(l)?
5
What is the tens digit of ((-15)/12 - -1)/((-2)/136)?
1
Let x = -5 + 67. What is the units digit of x?
2
Suppose 5 - 13 = -q. Suppose 5*y = 3*v + 65, -3*y - 3*v + 55 = -q*v. What is the units digit of y?
0
Suppose 0 = 3*c - c - 50. What is the tens digit of c?
2
Let b(z) = 6*z - 1. Let h be b(2). Suppose -4*k + 2*k + 14 = -2*r, k = -3*r + h. What is the units digit of k?
8
What is the units digit of 4 + 106 + 3 + -2 - -4?
5
Let i be (4/(-6))/((-9)/(-54)). Let a = i + 28. What is the units digit of a?
4
Let b(g) = 2*g. Let v be b(-2). What is the units digit of 2*5 + v + 2?
8
Let c(j) = 5*j**2 + j + 4. What is the units digit of c(-3)?
6
Suppose 2*n + 2*h - 16 = 0, -4*h + 43 = 5*n + 2. Let z be (-66)/(-4) - 1/2. Let f = z - n. What is the units digit of f?
7
Let y(v) = -v**2. Let k(t) = -3*t**2 + 2*t - 3. Let p(m) = k(m) - 6*y(m). What is the tens digit of p(2)?
1
What is the units digit of (23 - 6)/(1/2)?
4
What is the tens digit of ((-46)/(-4))/(0 - 3/(-6))?
2
Suppose -4*c - 4 = 8. Let q be (7 + -1)*(-7)/c. Suppose -q + 4 = -2*u. What is the units digit of u?
5
Suppose 5*n = 2*n - 5*a + 23, -4*n = -3*a - 21. Suppose 2*u - n*u - 20 = 0. Let t = 2 - u. What is the units digit of t?
7
Let c = -7 + 10. Suppose -c*t + 9 = 3. Suppose -t*s = -s - 18. What is the tens digit of s?
1
Let r = -57 + 105. What is the units digit of r?
8
What is the units digit of 3/(3 - 54/20)?
0
Let y(j) = j**2 + 7*j + 7. Let s be y(-6). Suppose 1 + 1 = -2*l. Let g = s - l. What is the units digit of g?
2
Suppose 447 = 8*p - 5*p. What is the hundreds digit of p?
1
Let p(l) = -2*l - 7. Let d be p(-8). Let r be ((-47)/3)/((-3)/d). Suppose 0 = -2*s - q + r, -3*q + 20 = 5. What is the tens digit of s?
2
Suppose 6*c - c = 30. Let d = 7 - c. What is the units digit of d?
1
Suppose -116 = -2*b - 3*x, x = -b - 3*b + 242. What is the units digit of b?
1
Let s be (3/(-2))/((-6)/20). Suppose 3*w + 4*d - 12 = -w, 0 = s*w + 4*d - 15. What is the units digit of w?
3
Suppose -230 = -14*v + 736. What is the units digit of v?
9
Suppose 3 = 4*p - 1. Let n be 1 - (1 + -2)*p. Let o = 6 - n. What is the units digit of o?
4
Let p(m) = 2*m**2 - 2*m - 3*m**2 + m + 1. Let s be p(1). Let w(x) = -5*x. What is the units digit of w(s)?
5
What is the hundreds digit of ((-6)/4)/(18/(-1980))?
1
Let g = -60 + 112. What is the tens digit of g?
5
Suppose -3*r + 8 = -5*r. Let o be -4*(2 + r + 1). Suppose -5*t - 3*v + 34 = 0, -3*v = -t - 0*t - o. What is the units digit of t?
5
Let z = 21 - 12. Suppose -x + 18 = -z. What is the units digit of 6/x - 158/(-18)?
9
Let v(m) be the third derivative of -m**5/60 - m**4/24 + m**3/6 - 2*m**2. Suppose 0 = 4*l - 0*l. What is the units digit of v(l)?
1
Let o(s) = -2*s**2 - s - 2. Let t be o(2). What is the units digit of (-3)/t - 166/(-8)?
1
Suppose -5*b + 25 = 2*r, r + b + 3 = 11. Suppose d - 6*d = -r. What is the units digit of d?
1
Suppose g - 69 = -3*i - 4, -4*g + 3*i = -305. What is the tens digit of g?
7
Let f = 2 + 2. Let s = 3 - f. Let o = 5 + s. What is the units digit of o?
4
Suppose -4*p + 13 = p - 4*h, 5*h = p - 11. Let c = 2 - p. What is the units digit of (c + 0)/((-4)/(-28))?
7
Let c = 16 - 3. Suppose d = 2*d - c. What is the tens digit of d?
1
Suppose y = 3*g - 653, -2*y + 446 = 2*g - 0*g. What is the tens digit of g?
1
Let d(a) = -14*a. What is the tens digit of d(-5)?
7
Let h(k) = 37*k**2 + 1. What is the tens digit of h(-1)?
3
Suppose t = -2*t + 87. What is the tens digit of t?
2
Let l(r) = -r**3 + 5*r**2 - 2*r - 3. Suppose 3 + 0 = q. What is the units digit of l(q)?
9
Suppose q - 7 = -3*c + 3, -5*q = 5*c. Suppose -5*p - a = -0*p - 127, c*p - 3*a - 139 = 0. What is the units digit of p?
6
Let m(u) = -5*u - 14. What is the units digit of m(-11)?
1
Let b(p) = 5*p**2 - 4*p - 1. Let k(o) = 24*o**2 - 21*o - 6. Let d(x) = -11*b(x) + 2*k(x). Let t be d(1). Let g = 6 - t. What is the tens digit of g?
1
Let i be -1 - (-2)/(4/22). Let u = -3 + 8. Suppose -u*g + 30 = -i. What is the units digit of g?
8
Let r(u) = -u**3 + 7*u**2 - 5*u + 7. What is the units digit of r(3)?
8
Let n = -5 + 5. Let k = n + 11. What is the tens digit of k?
1
Let l(o) = -o**2 + 10*o - 16. Let w(i) = -2*i + 3. Let b(d) = -2*l(d) - 11*w(d). Let s be b(-2). Suppose s*y - 32 = y. What is the tens digit of y?
1
Suppose -2*y = 3*y. Suppose -5*x + 12 + 8 = y. Suppose -5*a + 5*p + 35 = 0, -3 = x*a + 2*p - 1. What is the units digit of a?
2
Let j(i) = i**2 + 3*i - 3. Let s be j(-3). Let d be 40*-2*s/(-12). Let m = d + 30. What is the units digit of m?
0
Suppose 0 = -3*l + 47 - 17. Let q = l + -11. What is the units digit of (0 - (-10)/2) + q?
4
Let p be (-4)/(-6) + 32/6. What is the tens digit of ((-3)/p)/((-1)/36)?
1
Suppose -3*y = -t - 59, -3*y + 3*t + 86 = 23. Let i = 2 + -1. Let f = y - i. What is the tens digit of f?
1
Suppose 0 = -2*m + 463 - 137. What is the tens digit of m?
6
Suppose 0 = -j + 47 - 5. Suppose -2*r = 4*g - j, 3*r - 2*g = g + 27. What is the tens digit of r?
1
Suppose 0 = -2*f + 8 - 0. Let w = 10 - f. What is the units digit of w?
6
Suppose -8 = -4*z + 3*h + 6, 0 = -2*z + h + 6. What is the units digit of z?
2
Let r(x) = -x + 2. Let v be r(-2). Suppose -1 = -3*s - v, 0 = 2*n + 5*s - 69. What is the units digit of n?
7
Suppo